et s(z) = 14*z**2 + 11*z - 40. Let y be s(3). Suppose -6*j - 180 = -3*j. Let o = y + j. Is o prime?
True
Let w be ((-2)/(-6))/((-5)/(-60)). Suppose 31 = -s + j, 162 = -w*s - s - 2*j. Let x = s + 123. Is x a prime number?
False
Suppose 22 = -10*f + 9*f. Is 2 - 26225/(-55) - 4/f composite?
False
Suppose -25*n - 12400 = -81575. Is n a prime number?
True
Let g be (5 - 2)*(-37)/(-1). Let i = 1300 + g. Is i a composite number?
True
Let t = -1267 - -2331. Is (t - 5)*3/9 prime?
True
Is 12879808/704 + 4/(-22) a composite number?
True
Suppose -5*d - 5*o = -5, -3*d - o + 11 = 4*o. Let k(g) = 47*g**2 - 4. Is k(d) a composite number?
False
Let r(x) be the first derivative of x**6/120 + 7*x**5/30 - 5*x**4/12 - 5*x**3/3 + 5*x**2/2 - 4. Let s(t) be the second derivative of r(t). Is s(-9) composite?
True
Let y = -14 + 18. Suppose -10*i + y*i = -30. Suppose 0 = q - d - 41, -5*q + 87 = i*d - 78. Is q a prime number?
True
Let w(j) = 14*j**2 - 11*j - 4. Let q(d) = -d**3 + 2*d + 1. Let z be q(-2). Is w(z) a composite number?
True
Let a = 6119 + -3642. Is a a prime number?
True
Let z = -41944 + -27766. Is z/(-26) - 26/169 a prime number?
False
Let z(k) = -k**2 + 18*k + 14. Let m(s) = -s**3 + 9*s**2 + 2*s - 1. Let d be m(9). Is z(d) prime?
True
Let i = 6716 - 2739. Is i prime?
False
Let o(v) = 0*v - v**2 - 3*v + 9*v + 17. Let c be o(7). Let q(t) = t + 4. Is q(c) composite?
True
Suppose -5*m - 12 = -8*m. Suppose 0 = m*a - 30 - 702. Is a prime?
False
Let z = -896 + 2089. Is z a prime number?
True
Let m(f) be the second derivative of -11*f**3/2 - 7*f**2/2 - f + 21. Suppose 0 = -2*i + i - 6. Is m(i) composite?
False
Suppose 4*u + 0*r + r = -1119, -5*r = -3*u - 868. Let v = 164 - u. Is v prime?
False
Let y be -1 - (-4 - 0/2). Suppose -4*g + y*s = -1504, 3*g - 8*g = -2*s - 1887. Is g a prime number?
True
Suppose 107*a - 1565068 = 31*a. Is a a prime number?
True
Let f(n) = 4*n**3 + 9*n + 33 - 3*n**3 + 10*n**2 + 2 - 16. Suppose 12 = -3*d - 15. Is f(d) composite?
False
Suppose -61956 = -11*w + 7795. Is w a composite number?
True
Let y = -24 - -24. Suppose -8 = -4*j - y*j. Suppose -18 = -j*g - g. Is g a composite number?
True
Let b(h) = 2*h**3 - 14*h**2 + 7*h - 6. Let o be b(9). Suppose -o = -3*t + 162. Is t prime?
True
Let q be (-12)/4*2/6. Is (-1)/(q + 1758/1761) a composite number?
False
Suppose 3*a = 2*a + 4. Suppose a = 4*q + 8. Let x = 4 + q. Is x a prime number?
True
Let x be (-4 - -3456)*(3 + -1). Suppose -2549 - x = -3*y. Is y composite?
True
Let o = 25 + -17. Suppose 4*c + o = -3*b + 44, -4*b - 2*c = -48. Is 2194/2 + b/6 prime?
False
Let u be (2 + -2)*1*7/(-14). Suppose 5*w - 233 - 1262 = u. Is w a prime number?
False
Suppose 4*n - n - 471 = 0. Suppose -n = -g + 80. Is g prime?
False
Let i = 33 + -33. Suppose -5*x - z = -0*z - 23, i = -2*x + 2*z + 14. Suppose x*h - 192 = 1463. Is h a composite number?
False
Suppose 3*q + 2*a = -0*a + 564, -3*q = -5*a - 543. Suppose -3*l = -3*n - 1434, 4*n - q = -2*l + 788. Is l a prime number?
False
Suppose t = i + 4270, -i + 4273 = t + i. Is t a prime number?
True
Is 1467 - (-8 + 6) - 0/1 prime?
False
Let b(n) = 21*n**2 - 33*n - 83. Is b(-21) a prime number?
True
Is 2/8 - (-37130865)/716 a prime number?
True
Suppose -133 = 4*w - 17081. Is w a composite number?
True
Suppose 0 = i - 3*r - 5166 + 201, 4*i - 4*r - 19876 = 0. Is i composite?
True
Let z = 684 + -2382. Is 16/(-88) - z/22 a prime number?
False
Let r(f) = -105*f - 10. Let v(l) = l + 1. Let p(c) = -r(c) + 5*v(c). Let d be p(12). Suppose -2*z - d = -7*z. Is z composite?
True
Let i(r) = -3*r**3 + 3*r**2 + 4*r - 6. Let m(q) = -3*q**3 + 2*q**2 + 3*q - 5. Let h(g) = 2*i(g) - 3*m(g). Let c be (4/(-6))/(7/(-42)). Is h(c) a prime number?
True
Let y = -19 + 23. Suppose -s + 3*s - 16 = -y*q, -7 = s - 3*q. Is (10/(-25))/(s/(-1985)) prime?
True
Suppose -4*d + 3*d - 2*a + 39121 = 0, 0 = -2*d - 2*a + 78248. Is d prime?
False
Let x(c) = 240*c**2 - 8*c - 7. Suppose -7 = 3*g + o + 7, 3*g = -2*o - 19. Is x(g) prime?
False
Let u(m) be the second derivative of 7*m**5/20 + 2*m**4/3 - 5*m**3/6 - 4*m**2 + 3*m. Let i be u(5). Suppose -2*a = -0*a - i. Is a prime?
True
Suppose -12*t = -7*t + 3*v - 55010, -43986 = -4*t + 2*v. Is t prime?
False
Suppose -4*r = 2*n + 6, 0 = -4*n + 3*r - 5*r - 18. Let j(k) = -138*k + 11. Is j(n) a composite number?
False
Let t(g) = 272*g**2 + g - 1. Let z be t(1). Suppose -2*k + 198 + z = j, -2*k - 5*j = -454. Is k composite?
True
Suppose -2*m = -4*o - 2, -o - 7 = -m - 2*o. Suppose -7 = -m*h + 3. Suppose -3*j - 5*x + 96 = 0, 12 = -h*j + 2*x + 92. Is j composite?
False
Suppose -2*l + 166 = -120. Suppose -4*g + 507 = l. Suppose m = -0*m + g. Is m a composite number?
True
Let f(n) = 97*n + 12. Suppose -3*k + t + 0*t + 14 = 0, -k = -t - 8. Is f(k) a composite number?
True
Let z(d) = 32*d**2 - 23*d - 118. Is z(-17) prime?
True
Suppose z - 114 - 9 = 0. Suppose 272 = 5*t - z. Is t a composite number?
False
Let l = 378 - 2673. Is (-21)/28 + l/(-4) prime?
False
Suppose 0 = 3*p + 2*j + 6 - 4, -2*j = 4*p. Let r be 9 + -9 + 271 + p. Let k = -88 + r. Is k a prime number?
False
Let u(r) = -r**3 - 6*r**2 + 13. Let g be u(-9). Let y = -169 + g. Is y composite?
True
Is 1037/((-6)/(-30)*5) a composite number?
True
Let a = 35 + -20. Suppose -a*u = -12*u - 12. Suppose -2*w - 898 = -u*w. Is w prime?
True
Let s = 31 - 23. Suppose -4*l + s = k - 2*k, 3*l = -k + 13. Suppose 505 = d - k. Is d a prime number?
True
Suppose 6*h - 16 - 2 = 0. Let m be (1 - h)/((-3)/3). Suppose q = -m*q - 5*c + 129, -2*c = -3*q + 129. Is q composite?
False
Is (3/9)/(9/57483) a composite number?
False
Let u(g) = 1 - 25*g - 3 - 4. Let m be u(-7). Let r = -120 + m. Is r prime?
False
Is (-8)/(-6) + (-131154)/36*-10 composite?
False
Let u(b) = -b**2 - b. Let a(k) = -25*k**2 + 3*k - 3. Let q be (-3)/5 - (-14)/(-35). Let i(g) = q*a(g) - 2*u(g). Is i(-3) a prime number?
False
Let y = 3 + -1. Suppose -2*r = y*r - 1212. Is r a prime number?
False
Let b(c) = -c**3 - 3*c**2 + 7*c - 3. Let a be b(-4). Is 1/3 - 1900/a composite?
False
Let k(d) = 11*d**2 - 5*d + 20. Is k(13) composite?
True
Suppose -94435 = -43*g + 52582. Is g prime?
False
Is (-157383)/(-108) - (-1)/(-4) a composite number?
True
Let y = -10 - -13. Let j(z) = z - 6 + y*z**3 - 10 - z**2 + 21 + 0*z. Is j(4) prime?
False
Let k(f) = 2*f + 2. Let h = -26 - -27. Let z be k(h). Suppose -z*u + 836 = 2*g, -4*u - 4*g + 1039 = u. Is u a prime number?
True
Let v be (-2)/3 + 99/27. Suppose -3*z + 531 = -v*c - 0*z, -4*c = -5*z + 711. Let p = c - -248. Is p a composite number?
True
Suppose 2*w + 3*o + 10866 = 6*w, -3*w + 8137 = 4*o. Let q = w - 872. Is q composite?
True
Let y(l) = -464 - 1669*l + 471 - 73*l. Is y(-2) prime?
True
Suppose -h + 12304 = -4*n + 2567, h = -2*n + 9749. Is h a prime number?
False
Is 143 - (-8 + (3 - 1)) a prime number?
True
Suppose -18 = 12*w - 18*w. Suppose -5*m + 4*u + 496 = -m, 0 = -m - w*u + 104. Is m a prime number?
False
Let k = -14 + 23. Let l(x) = -3*x**2 + 6*x - 7. Let t be l(k). Let p = 699 + t. Is p a composite number?
False
Suppose -2*q + 2*v + 3*v = -16, 4*q - 2*v = 32. Suppose q*s - 8098 - 3750 = 0. Is s prime?
True
Suppose -4*s + 658 = 5*b, 3 + 0 = -s. Suppose 2*l - z - 82 = 0, 4*l + 4*z = l + b. Let m = l + 7. Is m a prime number?
False
Let k(d) = 5*d**3 - 54*d**2 - 37*d + 53. Let u(h) = 3*h**3 - 36*h**2 - 25*h + 35. Let v(r) = 5*k(r) - 8*u(r). Is v(-14) a composite number?
True
Let g(t) = -t**2 - 8*t - 3. Let f be g(-7). Suppose 2*b + f*m - 11 = 3, 2*b = m + 34. Suppose l - 233 = 2*n + 10, -3*n = b. Is l prime?
True
Let o = -870 - -1469. Suppose 3*s - 2*z - o = 0, -3*s - z + 609 = 2*z. Is s a composite number?
True
Let i(v) = -v**2 - 15*v - 11. Let o be i(-14). Suppose 2*a + a = -t - 31, o*t = -5*a - 57. Is (-7 + 4)*129/a composite?
False
Suppose 11*c + 2*g = 7*c + 95684, -2*c + 5*g = -47866. Is c prime?
False
Suppose 5*x = 2*y + 3*x - 10600, -10625 = -2*y - 3*x. Is y composite?
True
Let i(c) = -2*c**3 + 15*c**2 - 5*c - 12. Let g be i(7). Is ((-376)/40)/(g/(-10)) a prime number?
True
Let s(t) = -3279*t - 6. Let z be s(-6). Suppose 13*l - l = z. Is l a prime number?
False
Let i be (4/5)/(4/(-20)). Let g be 30/(-20) - 1742/i. Let f = g + 11. Is f composite?
True
Let z = -19 + 23. Let j be (-222)/z*28/(-21). Let a = j + 69. Is a composite